te the remainder when 670 is divided by b(9).
46
Suppose -g = 3*c - 65, 2*g + 0*c - 85 = 3*c. Calculate the remainder when 120 is divided by g.
20
Let n(g) = -3*g**3 - g**2 - g. What is the remainder when 218 is divided by n(-2)?
20
Suppose -12 = -0*f + 3*f. Suppose 11 = 2*h + 1. What is the remainder when h is divided by 1/(f/24*-3)?
1
Let w = 5 + -11. Let y be (w/4)/(1/(-14)). Suppose 3*o + 3*d - 15 = 0, -d - y = -o - 8. What is the remainder when 16 is divided by o?
7
Suppose 5*z + 6*r - 7*r = 456, -4*z + 359 = 5*r. What is the remainder when z is divided by 35?
21
Suppose 3*z + z = 240. Suppose 13*v = 7*v + z. Suppose 0 = -6*w + v*w - 216. What is the remainder when w is divided by 14?
12
Suppose 9*m = -2044 + 3871. Calculate the remainder when m is divided by 64.
11
Suppose 65*f + 708 = 71*f. What is the remainder when f is divided by 30?
28
Let x = -23 + 57. Let y = 38 - x. Suppose y*n - 5 = 47. Calculate the remainder when 22 is divided by n.
9
Suppose 4*s - 5*m = 67, 2*s + 0*m - 66 = -4*m. Let y = -12 + s. What is the remainder when 31 is divided by y?
9
Suppose -4*h + 8 = -4. Let y(g) = -g**3 + 7*g**2 + 8. What is the remainder when y(7) is divided by h?
2
Let n = -585 + 594. Calculate the remainder when 34 is divided by n.
7
Let b = -247 + 516. Calculate the remainder when b is divided by 17.
14
Let a be (-8)/(-6) + 119/(-51). Calculate the remainder when 42 is divided by 31*1 - (3 + a + 2).
15
Let q(d) be the first derivative of -d**4/2 + d**3/3 + 3. Let g be q(-2). Calculate the remainder when 77 is divided by -3 + (g - (-3 + 0)).
17
Let m(t) be the first derivative of t**2 - 15*t + 12. What is the remainder when 15 is divided by m(12)?
6
Let n(m) = -m**3 - 7*m**2 - 4*m - 9. Let i = -15 - -12. Let l(a) = 2*a**2 + a - 4. What is the remainder when n(-7) is divided by l(i)?
8
Let k = 535 + -370. What is the remainder when k is divided by 31?
10
Suppose 345 = 4*z - 3*d, 0*z - 170 = -2*z + 2*d. Calculate the remainder when 2248 is divided by z.
88
Let l = 33 + -18. Let i(z) = -3*z**2 + 48*z - 3. Calculate the remainder when i(6) is divided by l.
12
Let d(t) = 2*t. Let l be d(0). Let x = 4 + l. Suppose 0 = f - 2*b - 109, 0 = -x*f + b - 6*b + 384. What is the remainder when f is divided by 26?
23
Let i = 40 + -36. Suppose 91 + 197 = i*t. What is the remainder when t is divided by (-49)/(-2) + 3/6?
22
Let c(b) = b**2 + 20*b - 12. Let w be c(-17). Let s = w - -89. What is the remainder when 101 is divided by s?
23
Suppose 0 = 11*v - 326 + 172. What is the remainder when 90 is divided by v?
6
Suppose -154*j - 160 = -162*j. Calculate the remainder when 370 is divided by j.
10
Let s(b) = -2*b**2 + 11*b - 4. Let i(h) = -h**2 + 5*h + 8. Let w be i(6). Calculate the remainder when (-2)/4*(-4 + w) is divided by s(5).
0
Suppose -4*t + 2 = -2*w, -t - w = -3 - 5. What is the remainder when 24 is divided by t?
0
Let x(o) = -o**3 - 4*o**2 - 2*o - 6. Let g be x(-4). Suppose g*t + 7*t = 225. What is the remainder when 97 is divided by t?
22
Suppose 4*w - 126 = 166. Let g(p) = -p - 1. Let n be g(-6). Suppose 2*m + 3*m = 10, n*m - 86 = -4*o. Calculate the remainder when w is divided by o.
16
Let b(y) = -14*y + 2. What is the remainder when b(-8) is divided by (-6 - (-3 + -42))/1?
36
Let g(o) = -4*o**3 - o**2 - 14*o - 29. What is the remainder when 29 is divided by g(-2)?
2
Suppose -18*z = -0*z - 378. Calculate the remainder when 103 is divided by z.
19
Let d = -17 - -63. What is the remainder when d is divided by (-4)/(-3)*135/15?
10
Let k = 40 + -1. What is the remainder when k is divided by -3*(24 - 45)*4/18?
11
Suppose 0 = -0*s + 5*s - 20. Suppose s = -2*i, 2*b = -i + 5*i + 18. Calculate the remainder when 8 is divided by b.
3
Let w = 353 - 324. Calculate the remainder when w is divided by 13.
3
What is the remainder when (1 + 5 + 25)/(-2 - -3) is divided by 16?
15
Suppose 5*c + 2*n = 3*c + 36, -2*c + n = -39. Suppose -9 = -4*i + c. Let y = i - -13. What is the remainder when y is divided by 11?
9
Let j = -39 + 74. Let h = 643 - 631. Calculate the remainder when j is divided by h.
11
Let w = 19 + -15. Suppose -x = k - 19, k + 23 = 5*x - 3*x. Calculate the remainder when x is divided by w.
2
Let l(j) = 11*j - 7 - 13 + 26 + 3. Calculate the remainder when 15 is divided by l(0).
6
Suppose -3*v = -2*b + 65, 3*b - 2*v + 3*v = 70. Calculate the remainder when 78 is divided by b.
3
Suppose 27*j = -3*j + 210. What is the remainder when 20 is divided by j?
6
Let u = 233 - 171. Calculate the remainder when 255 is divided by u.
7
Suppose -o = -5*m + 219, 13*m - 3*o - 184 = 9*m. What is the remainder when 122 is divided by m?
36
Let q = 550 + -443. What is the remainder when q is divided by 33?
8
Let f(j) = j + 25. Let v be f(-8). Let x(a) = -a**2 + 17*a + 26. Calculate the remainder when 206 is divided by x(v).
24
What is the remainder when 4/(-18)*(-9 + (6 - 114)) is divided by 18?
8
Suppose -32*q + 323 = -15*q. What is the remainder when 529 is divided by q?
16
Suppose -20 + 76 = 4*l. Suppose 0*b + 3 = 3*b. Suppose l + b = -3*d, -d = -c + 34. What is the remainder when 85 is divided by c?
27
Let k = 295 - 213. Calculate the remainder when 489 is divided by k.
79
What is the remainder when 191 is divided by (-16)/(1840/(-7061)) - 2/5?
8
Suppose -19 = -4*u - 3*x + 217, u + 3*x - 68 = 0. What is the remainder when 201 is divided by u?
33
Let g be -8*4/(-11 + 3). Suppose -48 - 132 = -3*v + 4*n, -g*n + 268 = 4*v. Let w = v + -44. Calculate the remainder when w is divided by 7.
6
Suppose n = 2*n - 2. Let f be -1 + (1 + n)/1. Suppose -h + 3*x = -46, f*h - 35 = 5*x + 54. Calculate the remainder when h is divided by 10.
7
Suppose 0 = 3*c + 3, 3*r + 23*c - 1384 = 21*c. Calculate the remainder when r is divided by 16.
14
What is the remainder when 62 is divided by (-5)/1 + 5 + 18?
8
Suppose 0 = m - 9*m + 776. Calculate the remainder when m is divided by 50.
47
Suppose 102*w + 126 = 116*w. Calculate the remainder when 22 is divided by w.
4
Let w(l) be the first derivative of -l**3/3 + l**2 + 43*l + 6. What is the remainder when w(0) is divided by 3/5*5 + 8?
10
Let q be (-575)/(-6) + (-115)/30 + 4. Suppose 0 = 6*m - q - 132. Let c = -17 + 30. Calculate the remainder when m is divided by c.
12
Let v(f) = f**3 - 68*f**2 + 137*f - 5. Calculate the remainder when v(66) is divided by 82.
79
Let o = 7 + -3. Suppose o*u - 10 = -2*w - 2, 5*u - 4*w + 16 = 0. Let h = 4 - u. Calculate the remainder when 10 is divided by h.
2
What is the remainder when 6 is divided by (1 - (-2)/(-8))*4?
0
Suppose 0*u + u - 25 = 0. Let i = -41 + 81. Suppose -5*f = 5*b - 20, -i = -4*f + 7*b - 3*b. What is the remainder when u is divided by f?
4
Suppose -y = 2*y - 12. Suppose 0 = -0*g + y*g - 112. What is the remainder when 110 is divided by g?
26
Let c = -355 + 380. Suppose 0 = -4*s - 411 + 1095. Suppose 5*q + s = 2*v, -2*v = -0*v - 2*q - 156. Calculate the remainder when v is divided by c.
23
Let u = 48 - -369. Calculate the remainder when u is divided by 199.
19
Let o(v) = -85*v - 312. What is the remainder when o(-7) is divided by 90?
13
Let p be 0 + (0 - 2 - -15). Let s(k) = k**2 - 12*k + 6. Calculate the remainder when 92 is divided by s(p).
16
Suppose 0*y = 2*y - 170. Suppose 0 = -5*i - 0*i + 345. Suppose -147 + 42 = -5*s + f, 5*f - i = -2*s. Calculate the remainder when y is divided by s.
19
Suppose -16 = -4*x + 4*v, -3*x - 2*v - 3 = -0*v. Suppose -2*f + 15 - 1 = 0. Calculate the remainder when f is divided by x*25/(-15)*-3.
2
Calculate the remainder when (-202)/(-10) - 19/95 is divided by 12.
8
Let i(y) = y - 3. Let k be i(7). Suppose -f = k*q - 509, -f + 219 = 2*q - 34. Calculate the remainder when q is divided by 43.
42
Suppose -p + 14 = 4*d, -d = -5*p + 15 + 13. Calculate the remainder when 215 is divided by p.
5
Let b be 1130/40 + (-6)/(-8). Suppose -32*n + 30 = -b*n. Calculate the remainder when 69 is divided by n.
9
Let f be (-1)/5 + 7/35. Suppose f*t = t - 3. Calculate the remainder when (22/(-6))/((-4)/12) is divided by t.
2
Suppose -6*l = -3*l + 3, w = -4*l + 36. Let v(c) = c**2 + 12*c - 1. Let y be v(5). Let b = y + 34. What is the remainder when b is divided by w?
38
What is the remainder when (-1 - -6)*-1 - -85 is divided by 33?
14
Let u = -1036 - -1121. Calculate the remainder w